 c.
2, 5
Let o(x) = -8*x + 27. Let m = 128 + -34. Suppose -7*w - 25 - m = 0. What are the prime factors of o(w)?
163
Let t(x) = -x**2 + 5*x + 8. Let p be t(5). Suppose -3*k - 7 - p = 0. List the prime factors of 0 + (k*1)/(4/(-52)).
5, 13
Suppose 4*q - 20 = 0, 4*c - 3*q = 2*c - 7. Suppose -196 = -3*s - c*g, -3*s + 172 = 2*g - 4*g. What are the prime factors of s?
2, 3, 5
Let g(h) = h**2 - 23*h - 53. Let k be g(25). Let i(o) = -2*o**2 - o. Let r be i(-1). List the prime factors of 1/r*486/k.
2, 3
Let f(r) = -277*r + 104. List the prime factors of f(-26).
2, 13, 281
Let o(t) = -t - 12. Let u be o(3). Let g be ((-24)/(-15))/((-6)/u). Suppose g*b = 3*b + 78. List the prime factors of b.
2, 3, 13
Suppose -2*q + 3*h + 49 = 0, 0 = -q + 6*h - 2*h + 32. Suppose -46 = -6*f + q. Suppose 34 = f*s - 87. What are the prime factors of s?
11
Let j(m) = m**2 + 9*m - 6. Let a be j(-10). Suppose l + a*v = 352, 4*l + v - 742 = 681. List the prime factors of l.
2, 89
Suppose 0 = -14*i - 64 + 78. Let l(j) = -j**2 - 3*j + 17. Let p be l(12). What are the prime factors of (-2)/6*(p*2 - i)?
109
Let s(t) = -32*t + 3*t**3 - 26*t - 29*t - 10*t**2 + 85*t + 18. What are the prime factors of s(5)?
7, 19
Suppose -41*l = -39*l - 4*z - 35832, -4*z = -4*l + 71672. What are the prime factors of l?
2, 5, 7
Let j be 11 + 42/(-7) + -502. Let n = 1389 + j. List the prime factors of n.
2, 223
Suppose v + 3*j = 59082, -5*j + 199706 = 5*v - 95764. What are the prime factors of v?
2, 3, 5, 197
Let g be 660 - -5*(-8)/(-8). Let i = -350 + g. What are the prime factors of i?
3, 5, 7
Let i(d) = -d**3 - d**2 - 3*d - 1703. Let j be i(0). Let q = j - -2507. What are the prime factors of q?
2, 3, 67
Let p(a) = -a**3 - 13*a**2 - 2*a + 10. Let u be 6/(-15) + -5 + 148/20. Suppose -2*z + c - 25 + u = 0, -3*z - 48 = 3*c. List the prime factors of p(z).
2, 3
Let y(k) = k**3 - 7*k**2 - 34*k + 27. Suppose 8*n = 43 + 61. List the prime factors of y(n).
599
Suppose 1 = -i + 3*g + 7, -2*g - 4 = 3*i. Let b be 87 + (i/5)/3. List the prime factors of b + 5*(-2)/(-10).
2, 11
Let r be 33/5 - (-8)/20. Suppose -14*c = -r*c. Suppose -3*k - 2*n + 119 = c, -k + 166 = 3*k - n. List the prime factors of k.
41
Suppose 4*w = 2*y + 100674, 10*w + 5*y = 12*w - 50309. What are the prime factors of w?
2, 7, 29, 31
Let n(h) = 349*h - 7361. List the prime factors of n(61).
2, 1741
Let t(j) = -209*j**3 + 16*j + 169. List the prime factors of t(-5).
2, 3, 17, 257
Suppose -12*i = -7*i - 735. Suppose -3*p = q - 471, 2*q + i = 2*p + 1049. What are the prime factors of q?
2, 3, 19
Let g(a) = a**3 - 6*a**2 - 8*a + 2. Let z be g(7). Let y be (-3)/(-27)*3 - (-136)/6. Let r = z + y. List the prime factors of r.
2, 3
Let w = -834 - -93. What are the prime factors of (0 - 2/(-13)) + (-309624)/w?
2, 11, 19
Let q be (0*(27/6)/9)/(-1). Suppose 10*c - 4*c - 3036 = q. What are the prime factors of c?
2, 11, 23
Suppose 3*k - 2*q = 3197 + 510, 2*k - 5*q - 2486 = 0. Suppose 4*i = f - 424, -7*f - i + k = -4*f. What are the prime factors of f?
2, 103
Suppose -12*k + 16*k + 4 = 0, -5*z + 110960 = 5*k. What are the prime factors of z?
22193
Suppose -110*k + 263417 = 11*k. What are the prime factors of k?
7, 311
Suppose -5*j = 2*x - 6*x + 76, -4*x - 2*j = -76. Let v(q) = -2*q**2 - 26 + 2*q**2 - q**3 + x*q**2 + 3*q. List the prime factors of v(19).
31
Suppose -14*n = -28945 + 1365. Suppose 6 = -a + 1, 5*a = -5*o + n. What are the prime factors of o?
3, 7, 19
Let r(x) = -4*x**3 - 7*x**2 - 6*x - 16. Let p be r(-8). Suppose -803 = -3*z - 5*m, -4*z + p = -m + 569. List the prime factors of z.
2, 7, 19
Let r = -154 - 117. Let y = -97 - r. What are the prime factors of y/5 + (-4)/(-20)?
5, 7
Let u = -1511 - -401. Let h = -667 - u. List the prime factors of h.
443
Suppose 20 = -227*h + 232*h. Suppose 0 = h*m + 4*i - 2828, -m + 2*m = 3*i + 719. What are the prime factors of m?
2, 5, 71
Let n = 99 + 337. Suppose d - 4*b = 25, -b = -22*d + 23*d. Suppose 0 = -d*z + 4*s + n, -2 + 6 = -s. What are the prime factors of z?
2, 3, 7
Let t(g) be the third derivative of 17*g**5/60 + 7*g**4/24 + 25*g**3/6 + 3*g**2. Let a(c) be the first derivative of t(c). List the prime factors of a(3).
109
Let r be 1/((-7)/2) + 9750/21. Suppose -9*o + r = -670. Suppose -28 + o = 2*q - n, -q - 5*n = -49. What are the prime factors of q?
7
What are the prime factors of (3/(-6*(-9)/19920))/((-3)/(-9))?
2, 5, 83
Let x be (0 - 1)/(2/12). Let v(y) = 2*y - 270269*y**2 - 2 - 6 + 270275*y**2. What are the prime factors of v(x)?
2, 7
Suppose 3*w + 4*w - 42 = 0. Suppose 0 = w*d + 3*d - 1359. List the prime factors of d.
151
Let m be -8 - -3 - (-1151)/1. Suppose -m = -23*z + 3385. List the prime factors of z.
197
Let p(l) = l**3 + 15*l**2 - 15*l + 24. Let d be p(-16). Suppose -d*a - 834 = -11*a. What are the prime factors of a?
2, 139
Suppose -18*g = 1824 - 68388. List the prime factors of g.
2, 43
Suppose -266765 = -92*m - 209*m + 249751. What are the prime factors of m?
2, 3, 11, 13
Let t = -6 + 8. Suppose m + t*x - 2 = 0, m - 4*x = 6*m - 16. Suppose -m*y = 4*n - 259 - 121, 5*n - 377 = -4*y. List the prime factors of y.
2, 7
Suppose -7*q + 25803 = -34782. List the prime factors of q.
3, 5, 577
Suppose -25*y = 222074 + 807726. List the prime factors of (-2)/(-25) + y/(-100).
2, 103
Suppose -4*x + 27*x - 50107 = 89595. What are the prime factors of x?
2, 3037
Let x(t) = -11*t**3 - t**2 + t + 1. Let r be x(-1). Suppose -9*a + r = -7*a. Suppose a*b - 106 - 14 = 0. List the prime factors of b.
2, 3
Suppose 0 = 2*a + 10, 0 = 2*k - a - 2*a - 47. Suppose k*u - 6496 = -0*u. What are the prime factors of u?
2, 7, 29
Let s(d) = -d**3 + 7*d**2 - 2*d - 18. Let v be s(6). Suppose -4*y - 10 = -v*y. Suppose 310 = -3*i + y*i. List the prime factors of i.
5, 31
Let x = 9212 - 7655. List the prime factors of x.
3, 173
Suppose n - 124 = -5*r, 2*r = -0*r - n + 52. Suppose 0 = 11*f - 20 - r. Suppose -3*b + 5*o + 351 + 363 = 0, f*b - 3*o - 952 = 0. List the prime factors of b.
2, 7, 17
Suppose -4*l + 5*a - 5341 + 34719 = 0, l = -4*a + 7355. What are the prime factors of l?
3, 31, 79
Let k = -948 - -1761. Let c be (-23)/46*(1 + k). Let l = c + 635. What are the prime factors of l?
2, 3, 19
Let v(x) = 207*x + 5755. List the prime factors of v(0).
5, 1151
List the prime factors of 5/6 + -5*585167/(-330).
8867
Suppose -b = 4*l - 6*b - 33, 0 = 3*b + 15. What are the prime factors of 138920/520 - l/13?
3, 89
Let s(p) = p**3 + 19*p**2 + 2*p - 16. Let t(q) = 2*q**3 + 38*q**2 + 5*q - 32. Let c(j) = -11*s(j) + 6*t(j). What are the prime factors of c(-18)?
2, 41
Suppose -4*w + 5*x = -180075, 3*w - 61952 = -5*x + 73148. List the prime factors of w.
5, 1801
Let y = 4149 - 2659. Suppose -446 = -8*n + y. What are the prime factors of n?
2, 11
Let p = 12432 + -1242. List the prime factors of p.
2, 3, 5, 373
List the prime factors of (-144)/180 - -1*(-524596)/(-20).
3, 7, 1249
Suppose -5*t + 2*y = -58175, -6*y = -2*t + 22005 + 1291. List the prime factors of t.
11633
Let d = 63 - 11. List the prime factors of (19/4)/((-1)/d*-1).
13, 19
Suppose 30*y - 390522 = 6*y - 9*y. What are the prime factors of y?
2, 61, 97
Let b = 0 + -6. Suppose -103*o + 102*o + 14451 = -5*i, 2*i - 2*o = -5782. What are the prime factors of (b/5)/(51/i)?
2, 17
Suppose 0 = -287*f + 11954088 + 6942566. What are the prime factors of f?
2, 7, 4703
Let x be (-138522)/(-78) + 3/39. What are the prime factors of x/(48/8) - (1 + -2)?
3, 11
Let x(z) = z**3 + 4*z**2 - 6*z - 4. Let k be x(-5). Let b be -2 + (2 - 2) - -8*k. List the prime factors of (3*(-4)/18)/(b/(-711)).
79
Let q(c) = c**2 - 13*c + 32. Let b be 2 - (-40)/6*12/10. Let g be q(b). Suppose -g*l = j - 3, 0 = -5*j + 4*l + 77 - 6. What are the prime factors of j?
11
Let w be ((-18)/72)/((-2)/24). Suppose 4*c + 0*s - 644 = -w*s, -2*s - 782 = -5*c. Let i = -50 + c. What are the prime factors of i?
2, 3
Let y = 51466 + 1604. What are the prime factors of (3/9 + -1)/((-20)/y)?
29, 61
Let o(q) = 280*q - 47 + 55 - 16. What are the prime factors of o(7)?
2, 61
Let b = -192 - -493. Suppose 4*s = 5*m - 1494 - b, 5*m = -2*s + 1765. What are the prime factors of m?
5, 71
List the prime factors of 1554*(-780)/(-135)*3.
2, 7, 13, 37
Suppose 36*l + 54*l + 2658780 = 126*l. What are the prime factors of l?
5, 14771
Let i